516 is divided by 49367?
1149
What is the remainder when 13886 is divided by 1079?
938
What is the remainder when 6560331 is divided by 3180?
3171
Calculate the remainder when 6964665 is divided by 290189.
129
What is the remainder when 322608 is divided by 850?
458
What is the remainder when 471402 is divided by 9052?
698
What is the remainder when 193851 is divided by 495?
306
Calculate the remainder when 8178584 is divided by 120.
104
What is the remainder when 33760 is divided by 4591?
1623
What is the remainder when 1506134 is divided by 4353?
4349
Calculate the remainder when 4221799 is divided by 9841.
10
Calculate the remainder when 41956 is divided by 759.
211
What is the remainder when 1440322 is divided by 7130?
62
Calculate the remainder when 174459937 is divided by 3596.
3593
What is the remainder when 1379369 is divided by 1057?
1041
Calculate the remainder when 356946 is divided by 165.
51
Calculate the remainder when 58777641 is divided by 901.
5
What is the remainder when 290954892 is divided by 97?
94
What is the remainder when 3341214 is divided by 554?
40
Calculate the remainder when 75739167 is divided by 304.
303
Calculate the remainder when 1532191 is divided by 16.
15
What is the remainder when 48399250 is divided by 85?
80
What is the remainder when 48853060 is divided by 904?
900
What is the remainder when 1564499 is divided by 3280?
3219
Calculate the remainder when 189597580 is divided by 3391.
3379
Calculate the remainder when 1978195 is divided by 900.
895
Calculate the remainder when 21805503 is divided by 11.
5
What is the remainder when 217515056 is divided by 8769?
11
What is the remainder when 26363216 is divided by 60?
56
Calculate the remainder when 8741999 is divided by 1748343.
284
Calculate the remainder when 18225638 is divided by 520732.
18
Calculate the remainder when 76844 is divided by 24650.
2894
Calculate the remainder when 2079477 is divided by 2079463.
14
What is the remainder when 1317239 is divided by 5836?
4139
Calculate the remainder when 495303 is divided by 605.
413
What is the remainder when 87473 is divided by 85911?
1562
What is the remainder when 24596458 is divided by 10409?
10400
What is the remainder when 141627 is divided by 2242?
381
Calculate the remainder when 2237211 is divided by 2236929.
282
Calculate the remainder when 96986 is divided by 2309.
8
What is the remainder when 2434049 is divided by 405?
404
Calculate the remainder when 159389 is divided by 159257.
132
Calculate the remainder when 9742246 is divided by 999.
997
What is the remainder when 1853503 is divided by 564?
199
Calculate the remainder when 13023710 is divided by 227.
39
What is the remainder when 19723812 is divided by 2689?
2686
Calculate the remainder when 56096527 is divided by 381.
373
What is the remainder when 139123 is divided by 1675?
98
What is the remainder when 121761 is divided by 482?
297
Calculate the remainder when 10591507 is divided by 3530500.
7
What is the remainder when 1838164 is divided by 40?
4
What is the remainder when 1038916 is divided by 67?
14
What is the remainder when 721750 is divided by 367?
228
What is the remainder when 361391 is divided by 361360?
31
Calculate the remainder when 81587 is divided by 56.
51
What is the remainder when 229084 is divided by 17621?
11
What is the remainder when 4464438 is divided by 159444?
6
Calculate the remainder when 260659 is divided by 130312.
35
What is the remainder when 358260 is divided by 89349?
864
What is the remainder when 43649696 is divided by 357?
20
What is the remainder when 8407085 is divided by 6?
5
What is the remainder when 476577 is divided by 476478?
99
Calculate the remainder when 7070886 is divided by 4658.
42
What is the remainder when 34454209 is divided by 509?
508
What is the remainder when 406107 is divided by 2666?
875
Calculate the remainder when 4335234 is divided by 139846.
8
What is the remainder when 85978683 is divided by 1767?
1764
What is the remainder when 32499981 is divided by 1186?
23
Calculate the remainder when 2688245 is divided by 184.
5
Calculate the remainder when 2832077 is divided by 770.
17
Calculate the remainder when 448725 is divided by 223342.
2041
What is the remainder when 15025652 is divided by 1786?
34
What is the remainder when 207390 is divided by 987?
120
Calculate the remainder when 11235565 is divided by 2808857.
137
Calculate the remainder when 1115742 is divided by 1917.
48
Calculate the remainder when 28653117 is divided by 1508058.
15
Calculate the remainder when 12019 is divided by 11860.
159
What is the remainder when 7032766 is divided by 103417?
410
What is the remainder when 39446050 is divided by 128?
34
What is the remainder when 103934 is divided by 4118?
984
What is the remainder when 884734 is divided by 176909?
189
Calculate the remainder when 561040 is divided by 263.
61
What is the remainder when 11064008 is divided by 866?
858
Calculate the remainder when 7191514 is divided by 83.
62
What is the remainder when 101751 is divided by 869?
78
Calculate the remainder when 23904657 is divided by 13.
10
Calculate the remainder when 1753673 is divided by 1939.
817
What is the remainder when 728989 is divided by 7216?
173
What is the remainder when 12913345 is divided by 860880?
145
What is the remainder when 27396 is divided by 887?
786
What is the remainder when 27875878 is divided by 1149?
1138
Calculate the remainder when 34171 is divided by 448.
123
What is the remainder when 456504 is divided by 114077?
196
Calculate the remainder when 4591861 is divided by 11310.
1
Calculate the remainder when 44560065 is divided by 185.
40
What is the remainder when 412302 is divided by 584?
582
What is the remainder when 406366 is divided by 71?
33
Calculate the remainder when 7939 is divided by 1141.
1093
Calculate the remainder when 190306498 is divided by 2550.
2548
What is the remainder when 377726 is divided by 2799?
2660
What is the remainder when 516661 is divided by 59?
57
Calculate the remainder when 34469320 is divided by 138431.
1
What is the remainder when 11765879 is divided by 245?
244
Calculate the remainder when 226828 is divided by 13931.
3932
Calculate the remainder when 191393288 is divided by 1181440.
8
What is the remainder when 3691830 is divided by 3691826?
4
Calculate the remainder when 10279 is divided by 9884.
395
What is the remainder when 2477876 is divided by 412973?
38
What is the remainder when 9331 is divided by 3552?
2227
What is the remainder when 1463736 is divided by 4162?
2874
What is the remainder when 1086336 is divided by 36211?
6
What is the remainder when 3490669 is divided by 872664?
13
Calculate the remainder when 646715 is divided by 1381.
407
What is the remainder when 29800195 is divided by 112?
19
Calculate the remainder when 25616 is divided by 2302.
294
What is the remainder when 72718502 is divided by 2019958?
14
Calculate the remainder when 2490894 is divided by 30.
24
Calculate the remainder when 2892039 is divided by 1446.
39
Calculate the remainder when 5963334 is divided by 1071.
6
Calculate the remainder when 8593008 is divided by 1378.
1178
Calculate the remainder when 2975977 is divided by 309.
307
What is the remainder when 25541 is divided by 8487?
80
Calculate the remainder when 599787 is divided by 570.
147
What is the remainder when 294149 is divided by 309?
290
What is the remainder when 171921 is divided by 24?
9
What is the remainder when 6911243 is divided by 150?
143
Calculate the remainder when 21997023 is divided by 793.
789
What is the remainder when 19108 is divided by 941?
288
What is the remainder when 9896 is divided by 1275?
971
What is the remainder when 746772 is divided by 6328?
68
What is the remainder when 170843 is divided by 1758?
317
Calculate the remainder when 22616 is divided by 234.
152
Calculate the remainder when 17146 is divided by 8395.
356
What is the remainder when 24036623 is divided by 1084?
7
What is the remainder when 6834824 is divided by 5887?
17
What is the remainder when 1239525 is divided by 14079?
573
Calculate the remainder when 4865520 is divided by 26881.
59
What is the remainder when 10052864 is divided by 199?
180
What is the remainder when 15947 is divided by 190